{"id":2381,"date":"2024-11-07T07:00:20","date_gmt":"2024-11-07T07:00:20","guid":{"rendered":"https:\/\/downhill-skiers.com\/crew\/manfred-plessl\/"},"modified":"2024-12-11T17:12:00","modified_gmt":"2024-12-11T17:12:00","slug":"manfred-plessl","status":"publish","type":"crew","link":"https:\/\/downhill-skiers.com\/en\/crew\/manfred-plessl\/","title":{"rendered":"Manfred Plessl"},"content":{"rendered":"<p>Manfred Plessl, born in 1984 in Klagenfurt, is an Austrian composer and musician. Plessl began studying the violin at the Carinthian State Conservatory in Klagenfurt at the age of 14. <\/p>\n","protected":false},"featured_media":1659,"parent":0,"template":"","meta":{"_seopress_robots_primary_cat":"","_seopress_titles_title":"","_seopress_titles_desc":"","_seopress_robots_index":"","site-sidebar-layout":"default","site-content-layout":"","ast-site-content-layout":"default","site-content-style":"default","site-sidebar-style":"default","ast-global-header-display":"","ast-banner-title-visibility":"","ast-main-header-display":"","ast-hfb-above-header-display":"","ast-hfb-below-header-display":"","ast-hfb-mobile-header-display":"","site-post-title":"","ast-breadcrumbs-content":"","ast-featured-img":"","footer-sml-layout":"","theme-transparent-header-meta":"default","adv-header-id-meta":"","stick-header-meta":"","header-above-stick-meta":"","header-main-stick-meta":"","header-below-stick-meta":"","astra-migrate-meta-layouts":"default","ast-page-background-enabled":"default","ast-page-background-meta":{"desktop":{"background-color":"var(--ast-global-color-4)","background-image":"","background-repeat":"repeat","background-position":"center center","background-size":"auto","background-attachment":"scroll","background-type":"","background-media":"","overlay-type":"","overlay-color":"","overlay-opacity":"","overlay-gradient":""},"tablet":{"background-color":"","background-image":"","background-repeat":"repeat","background-position":"center center","background-size":"auto","background-attachment":"scroll","background-type":"","background-media":"","overlay-type":"","overlay-color":"","overlay-opacity":"","overlay-gradient":""},"mobile":{"background-color":"","background-image":"","background-repeat":"repeat","background-position":"center center","background-size":"auto","background-attachment":"scroll","background-type":"","background-media":"","overlay-type":"","overlay-color":"","overlay-opacity":"","overlay-gradient":""}},"ast-content-background-meta":{"desktop":{"background-color":"var(--ast-global-color-5)","background-image":"","background-repeat":"repeat","background-position":"center center","background-size":"auto","background-attachment":"scroll","background-type":"","background-media":"","overlay-type":"","overlay-color":"","overlay-opacity":"","overlay-gradient":""},"tablet":{"background-color":"var(--ast-global-color-5)","background-image":"","background-repeat":"repeat","background-position":"center center","background-size":"auto","background-attachment":"scroll","background-type":"","background-media":"","overlay-type":"","overlay-color":"","overlay-opacity":"","overlay-gradient":""},"mobile":{"background-color":"var(--ast-global-color-5)","background-image":"","background-repeat":"repeat","background-position":"center center","background-size":"auto","background-attachment":"scroll","background-type":"","background-media":"","overlay-type":"","overlay-color":"","overlay-opacity":"","overlay-gradient":""}},"iawp_total_views":4,"footnotes":""},"categories":[33],"class_list":["post-2381","crew","type-crew","status-publish","has-post-thumbnail","hentry","category-post-production-en"],"meta_box":{"weiterlesen_text":"<p>For more than ten years, Plessl played the viola in the Acies String Quartet, trained in chamber music with G\u00fcnter Pichler (Alban Berg Quartet) at the Instituto Internacional de M\u00fasica de C\u00e1mara de Madrid, with the Juilliard String Quartet in New York and won awards such as the \u00d61 Artist of the Year 2007. He completed his studies in viola, chamber music and composition in 2008.While Manfred Plessl's earlier work focused on contemporary compositions, he has continued to develop as a film and television composer since 2005, especially since his time as assistant to Tom Holkenborg aka Junkie XL in Los Angeles in 2016. Plessl creates audio brandings and commercials for clients such as Red Bull or the Austrian public broadcaster \"ORF\". Plessl writes music for television productions such as ORF Universum (e.g. \"Erster auf dem Mount Everest\" 2010, \"Turmfalken - Unsichtbare Nachbarn\" 2017), one of the largest productions in Europe. Plessl also composes the music for the best-selling ORF\/3Sat\/Arte documentaries directed by Gernot Stadler. Director of feature films such as \"Streif - One Hell of a Ride\" 2014 (Austrian Media Award Romy for Best Cinema Documentary), \"Bad Luck\" 2015 (tragicomedy feature film) \"Jeremy Jones' Higher\" 2016, \"Andy Irons - Kissed By God\" (together with Matt Reardon), \"Life Guidance\" 2017 (nominated for the Giornati degli Autori, Venice Film Festival), \"Manaslu - Mountain of Souls\" 2018 (Best Mountain Film, Festival gorniskega film), \"Klammer-Chasing The Line\", \"Serviam\", \"White Christmas\", \"Bj\u00f6rn-Born to windsurf\" or \"Stadt Land Boden\", work with Plessl as a composer. In addition to his work in the studio, Plessl performs as an electronic artist with his contemporary music band \"Manjana\" and as a violinist, ukulelist, mandolinist and singer in his band \"Die Unvollendeten\". His commissioned contemporary compositions, for example for the Max Brand Ensemble, the Carinthian Saxophone Quartet and the Diocese of Gurk (\"Paranoida Islands\" for bass clarinet, percussion and organ), have been very successful. Since winter 2023, Manfred Plessl has been working at the Gustav Mahler Private University for Music as a lecturer in media composition. He is currently working at the \"Stadttheater Klagenfurt\" on the music and sound design for the play \"Adern\", which won the Nestroy Prize for the best play in 2022.<br>  If you are looking for Plessl's filmography or music, don't hesitate to read about it on IMDb, visit his homepage or listen to his music on Spotify.<\/p>\n<p><a href=\"https:\/\/www.imdb.com\/name\/nm2770554\/?ref_=fn_al_nm_1\">https:\/\/www.imdb.com\/name\/nm2770554\/?ref_=fn_al_nm_1<\/a><\/p>\n<p><a href=\"https:\/\/manfredplessl.at\/\">https:\/\/manfredplessl.at\/<\/a><\/p>\n<p><a href=\"https:\/\/www.facebook.com\/ManfredPlesslComposer\">https:\/\/www.facebook.com\/ManfredPlesslComposer<\/a><\/p>\n<p><a href=\"https:\/\/open.spotify.com\/artist\/0SeFpebTpwy8ZaO1NZpYqH?si=EptbSg1EQbKezyDaD2oR0g\">https:\/\/open.spotify.com\/artist\/0SeFpebTpwy8ZaO1NZpYqH?si=EptbSg1EQbKezyDaD2oR0g<\/a><\/p>\n","facebook":"","instagram":"","onegent_subtitle":""},"_links":{"self":[{"href":"https:\/\/downhill-skiers.com\/en\/wp-json\/wp\/v2\/crew\/2381","targetHints":{"allow":["GET"]}}],"collection":[{"href":"https:\/\/downhill-skiers.com\/en\/wp-json\/wp\/v2\/crew"}],"about":[{"href":"https:\/\/downhill-skiers.com\/en\/wp-json\/wp\/v2\/types\/crew"}],"version-history":[{"count":1,"href":"https:\/\/downhill-skiers.com\/en\/wp-json\/wp\/v2\/crew\/2381\/revisions"}],"predecessor-version":[{"id":2504,"href":"https:\/\/downhill-skiers.com\/en\/wp-json\/wp\/v2\/crew\/2381\/revisions\/2504"}],"wp:featuredmedia":[{"embeddable":true,"href":"https:\/\/downhill-skiers.com\/en\/wp-json\/wp\/v2\/media\/1659"}],"wp:attachment":[{"href":"https:\/\/downhill-skiers.com\/en\/wp-json\/wp\/v2\/media?parent=2381"}],"wp:term":[{"taxonomy":"category","embeddable":true,"href":"https:\/\/downhill-skiers.com\/en\/wp-json\/wp\/v2\/categories?post=2381"}],"curies":[{"name":"wp","href":"https:\/\/api.w.org\/{rel}","templated":true}]}}

<p>For more than ten years, Plessl played the viola in the Acies String Quartet, trained in chamber music with Günter Pichler (Alban Berg Quartet) at the Instituto Internacional de Música de Cámara de Madrid, with the Juilliard String Quartet in New York and won awards such as the Ö1 Artist of the Year 2007. He completed his studies in viola, chamber music and composition in 2008.While Manfred Plessl's earlier work focused on contemporary compositions, he has continued to develop as a film and television composer since 2005, especially since his time as assistant to Tom Holkenborg aka Junkie XL in Los Angeles in 2016. Plessl creates audio brandings and commercials for clients such as Red Bull or the Austrian public broadcaster "ORF". Plessl writes music for television productions such as ORF Universum (e.g. "Erster auf dem Mount Everest" 2010, "Turmfalken - Unsichtbare Nachbarn" 2017), one of the largest productions in Europe. Plessl also composes the music for the best-selling ORF/3Sat/Arte documentaries directed by Gernot Stadler. Director of feature films such as "Streif - One Hell of a Ride" 2014 (Austrian Media Award Romy for Best Cinema Documentary), "Bad Luck" 2015 (tragicomedy feature film) "Jeremy Jones' Higher" 2016, "Andy Irons - Kissed By God" (together with Matt Reardon), "Life Guidance" 2017 (nominated for the Giornati degli Autori, Venice Film Festival), "Manaslu - Mountain of Souls" 2018 (Best Mountain Film, Festival gorniskega film), "Klammer-Chasing The Line", "Serviam", "White Christmas", "Björn-Born to windsurf" or "Stadt Land Boden", work with Plessl as a composer. In addition to his work in the studio, Plessl performs as an electronic artist with his contemporary music band "Manjana" and as a violinist, ukulelist, mandolinist and singer in his band "Die Unvollendeten". His commissioned contemporary compositions, for example for the Max Brand Ensemble, the Carinthian Saxophone Quartet and the Diocese of Gurk ("Paranoida Islands" for bass clarinet, percussion and organ), have been very successful. Since winter 2023, Manfred Plessl has been working at the Gustav Mahler Private University for Music as a lecturer in media composition. He is currently working at the "Stadttheater Klagenfurt" on the music and sound design for the play "Adern", which won the Nestroy Prize for the best play in 2022.<br>  If you are looking for Plessl's filmography or music, don't hesitate to read about it on IMDb, visit his homepage or listen to his music on Spotify.</p>
<p><a href="https://www.imdb.com/name/nm2770554/?ref_=fn_al_nm_1">https://www.imdb.com/name/nm2770554/?ref_=fn_al_nm_1</a></p>
<p><a href="https://manfredplessl.at/">https://manfredplessl.at/</a></p>
<p><a href="https://www.facebook.com/ManfredPlesslComposer">https://www.facebook.com/ManfredPlesslComposer</a></p>
<p><a href="https://open.spotify.com/artist/0SeFpebTpwy8ZaO1NZpYqH?si=EptbSg1EQbKezyDaD2oR0g">https://open.spotify.com/artist/0SeFpebTpwy8ZaO1NZpYqH?si=EptbSg1EQbKezyDaD2oR0g</a></p>
