{"id":2364,"date":"2024-11-07T06:58:23","date_gmt":"2024-11-07T06:58:23","guid":{"rendered":"https:\/\/downhill-skiers.com\/crew\/mario-kaeppeli\/"},"modified":"2024-12-11T17:12:00","modified_gmt":"2024-12-11T17:12:00","slug":"mario-kaeppeli","status":"publish","type":"crew","link":"https:\/\/downhill-skiers.com\/en\/crew\/mario-kaeppeli\/","title":{"rendered":"Mario K\u00e4ppeli"},"content":{"rendered":"<p>My name is Mario K\u00e4ppeli, born on May 27, 1988 in Gr\u00fcsch, an idyllic village in Switzerland near the Austrian border.<\/p>\n","protected":false},"featured_media":2176,"parent":0,"template":"","meta":{"_seopress_robots_primary_cat":"","_seopress_titles_title":"","_seopress_titles_desc":"","_seopress_robots_index":"","site-sidebar-layout":"default","site-content-layout":"","ast-site-content-layout":"default","site-content-style":"default","site-sidebar-style":"default","ast-global-header-display":"","ast-banner-title-visibility":"","ast-main-header-display":"","ast-hfb-above-header-display":"","ast-hfb-below-header-display":"","ast-hfb-mobile-header-display":"","site-post-title":"","ast-breadcrumbs-content":"","ast-featured-img":"","footer-sml-layout":"","theme-transparent-header-meta":"default","adv-header-id-meta":"","stick-header-meta":"","header-above-stick-meta":"","header-main-stick-meta":"","header-below-stick-meta":"","astra-migrate-meta-layouts":"default","ast-page-background-enabled":"default","ast-page-background-meta":{"desktop":{"background-color":"var(--ast-global-color-4)","background-image":"","background-repeat":"repeat","background-position":"center center","background-size":"auto","background-attachment":"scroll","background-type":"","background-media":"","overlay-type":"","overlay-color":"","overlay-opacity":"","overlay-gradient":""},"tablet":{"background-color":"","background-image":"","background-repeat":"repeat","background-position":"center center","background-size":"auto","background-attachment":"scroll","background-type":"","background-media":"","overlay-type":"","overlay-color":"","overlay-opacity":"","overlay-gradient":""},"mobile":{"background-color":"","background-image":"","background-repeat":"repeat","background-position":"center center","background-size":"auto","background-attachment":"scroll","background-type":"","background-media":"","overlay-type":"","overlay-color":"","overlay-opacity":"","overlay-gradient":""}},"ast-content-background-meta":{"desktop":{"background-color":"var(--ast-global-color-5)","background-image":"","background-repeat":"repeat","background-position":"center center","background-size":"auto","background-attachment":"scroll","background-type":"","background-media":"","overlay-type":"","overlay-color":"","overlay-opacity":"","overlay-gradient":""},"tablet":{"background-color":"var(--ast-global-color-5)","background-image":"","background-repeat":"repeat","background-position":"center center","background-size":"auto","background-attachment":"scroll","background-type":"","background-media":"","overlay-type":"","overlay-color":"","overlay-opacity":"","overlay-gradient":""},"mobile":{"background-color":"var(--ast-global-color-5)","background-image":"","background-repeat":"repeat","background-position":"center center","background-size":"auto","background-attachment":"scroll","background-type":"","background-media":"","overlay-type":"","overlay-color":"","overlay-opacity":"","overlay-gradient":""}},"iawp_total_views":3,"footnotes":""},"categories":[],"class_list":["post-2364","crew","type-crew","status-publish","has-post-thumbnail","hentry"],"meta_box":{"weiterlesen_text":"<p>I was drawn to nature and the mountains from an early age, which prompted me to start training as a forest warden at the age of 15. During this time, I was accepted into the Swiss national snowboard team. After completing my training, I dedicated myself entirely to snowboard competitions and shoots and traveled around the world for them. This time was characterized by great successes: I was able to win several top-class competitions and discover numerous fascinating places - an experience I will never forget. Unfortunately, this time also brought many injuries.    <br>  Freeriding increasingly turned my passion towards alpinism, which is why I eventually switched to skis, as they offered me more speed, safety and efficiency in the mountains. I began to climb numerous impressive peaks in the Alps - be it climbing, mountaineering, ice climbing or ski touring. My focus is often on fast and extremely long tours, which I usually undertake alone. These solo tours not only require physical strength, but also mental stamina and a pronounced sense of direction, which I have perfected over the years.   <br>  My adventures often took me into the mountains at night to capture the unique moments at sunrise with my camera and drone. This passion did not go unnoticed, and soon companies and productions began to take notice of me. So I found myself more and more in the film business, specializing in mountain scenarios.  <br>  My expertise lies in moving quickly and safely in the mountains, often with a heavy rucksack and over several days. For me, nature and mountaineering are more than just a sport - they are a way of life. I have had the privilege of working with many successful athletes, such as the ice climber Martin Sieberer, the trad climbers Beat Zangerl and Jacopo Larcher and Alex Lugger on his first ascent in the R\u00e4tikon.  <\/p>\n<p>Specialized in: - Alpine projects<\/p>\n<p>Projects worth mentioning: - Bj\u00f6rn Dunkerbeck \"Born to Surf\" (windsurfing)<br> - Alex Lugger \"Seventh Direction\" (climbing)<br> - Simon Gietl \"Peitlerkofel Nordwand\" (climbing)<br> - Martin Sieberer \"Smoot Criminal\" (ice climbing)<br> - The North Face \"Dare to trust\" (Bike & Ski)<br> - TCR10 \"Das verr\u00fcckteste Radrennen der Welt\" (Gravelbike)<br> - Bergwelten \"Karawanken\" (Div. Mountain Sports)<br> - Bergwelten \"Julische Alpen\" (Div. Mountain Sports)<br> - Bergwelten \"Zerfallene Berge\" (Div. Mountain Sports)<br> - Bergweltren \"Nordkette\" (Div. Mountain Sports)<br> - Weger Bros \"Alpine Worlds\" Episodes (Div. Mountain Sports)<br> - Deuter \"Arete du Table\" (Winter Mountaineering)<br> - Deuter \"5 Tage Ecrins Durchquerung\" (Ski Touring)<\/p>\n","facebook":"","instagram":"","onegent_subtitle":""},"_links":{"self":[{"href":"https:\/\/downhill-skiers.com\/en\/wp-json\/wp\/v2\/crew\/2364","targetHints":{"allow":["GET"]}}],"collection":[{"href":"https:\/\/downhill-skiers.com\/en\/wp-json\/wp\/v2\/crew"}],"about":[{"href":"https:\/\/downhill-skiers.com\/en\/wp-json\/wp\/v2\/types\/crew"}],"version-history":[{"count":1,"href":"https:\/\/downhill-skiers.com\/en\/wp-json\/wp\/v2\/crew\/2364\/revisions"}],"predecessor-version":[{"id":2501,"href":"https:\/\/downhill-skiers.com\/en\/wp-json\/wp\/v2\/crew\/2364\/revisions\/2501"}],"wp:featuredmedia":[{"embeddable":true,"href":"https:\/\/downhill-skiers.com\/en\/wp-json\/wp\/v2\/media\/2176"}],"wp:attachment":[{"href":"https:\/\/downhill-skiers.com\/en\/wp-json\/wp\/v2\/media?parent=2364"}],"wp:term":[{"taxonomy":"category","embeddable":true,"href":"https:\/\/downhill-skiers.com\/en\/wp-json\/wp\/v2\/categories?post=2364"}],"curies":[{"name":"wp","href":"https:\/\/api.w.org\/{rel}","templated":true}]}}

Mario Käppeli

<p>My name is Mario Käppeli, born on May 27, 1988 in Grüsch, an idyllic village in Switzerland near the Austrian border.</p>

<p>I was drawn to nature and the mountains from an early age, which prompted me to start training as a forest warden at the age of 15. During this time, I was accepted into the Swiss national snowboard team. After completing my training, I dedicated myself entirely to snowboard competitions and shoots and traveled around the world for them. This time was characterized by great successes: I was able to win several top-class competitions and discover numerous fascinating places - an experience I will never forget. Unfortunately, this time also brought many injuries.    <br>  Freeriding increasingly turned my passion towards alpinism, which is why I eventually switched to skis, as they offered me more speed, safety and efficiency in the mountains. I began to climb numerous impressive peaks in the Alps - be it climbing, mountaineering, ice climbing or ski touring. My focus is often on fast and extremely long tours, which I usually undertake alone. These solo tours not only require physical strength, but also mental stamina and a pronounced sense of direction, which I have perfected over the years.   <br>  My adventures often took me into the mountains at night to capture the unique moments at sunrise with my camera and drone. This passion did not go unnoticed, and soon companies and productions began to take notice of me. So I found myself more and more in the film business, specializing in mountain scenarios.  <br>  My expertise lies in moving quickly and safely in the mountains, often with a heavy rucksack and over several days. For me, nature and mountaineering are more than just a sport - they are a way of life. I have had the privilege of working with many successful athletes, such as the ice climber Martin Sieberer, the trad climbers Beat Zangerl and Jacopo Larcher and Alex Lugger on his first ascent in the Rätikon.  </p>
<p>Specialized in: - Alpine projects</p>
<p>Projects worth mentioning: - Björn Dunkerbeck "Born to Surf" (windsurfing)<br> - Alex Lugger "Seventh Direction" (climbing)<br> - Simon Gietl "Peitlerkofel Nordwand" (climbing)<br> - Martin Sieberer "Smoot Criminal" (ice climbing)<br> - The North Face "Dare to trust" (Bike & Ski)<br> - TCR10 "Das verrückteste Radrennen der Welt" (Gravelbike)<br> - Bergwelten "Karawanken" (Div. Mountain Sports)<br> - Bergwelten "Julische Alpen" (Div. Mountain Sports)<br> - Bergwelten "Zerfallene Berge" (Div. Mountain Sports)<br> - Bergweltren "Nordkette" (Div. Mountain Sports)<br> - Weger Bros "Alpine Worlds" Episodes (Div. Mountain Sports)<br> - Deuter "Arete du Table" (Winter Mountaineering)<br> - Deuter "5 Tage Ecrins Durchquerung" (Ski Touring)</p>
